t -4 (base 14) to base 8.
-4
What is 22 (base 13) in base 11?
26
Convert 0 (base 14) to base 15.
0
-7c (base 14) to base 15
-75
What is -1 (base 16) in base 5?
-1
-b (base 15) to base 3
-102
What is -102000 (base 3) in base 4?
-10221
-11 (base 8) to base 14
-9
What is 10001 (base 2) in base 6?
25
2 (base 16) to base 4
2
Convert 30 (base 12) to base 11.
33
What is 60 (base 7) in base 9?
46
What is 1111 (base 4) in base 7?
151
Convert -2 (base 3) to base 5.
-2
Convert 1 (base 8) to base 16.
1
What is -23 (base 13) in base 2?
-11101
Convert 16 (base 15) to base 13.
18
Convert -3 (base 15) to base 2.
-11
Convert 3b (base 12) to base 15.
32
-49 (base 11) to base 7
-104
What is -2 (base 7) in base 3?
-2
Convert -101 (base 4) to base 11.
-16
What is -6 (base 13) in base 5?
-11
-1 (base 9) to base 6
-1
-5 (base 14) to base 8
-5
-10100 (base 2) to base 8
-24
What is -101010 (base 2) in base 16?
-2a
Convert -2 (base 4) to base 15.
-2
Convert -7 (base 16) to base 9.
-7
Convert 74 (base 14) to base 12.
86
-3 (base 16) to base 15
-3
What is 0 (base 11) in base 6?
0
Convert 69 (base 11) to base 6.
203
Convert -233 (base 4) to base 16.
-2f
What is 97 (base 12) in base 14?
83
What is 2 (base 14) in base 9?
2
What is -31 (base 4) in base 2?
-1101
Convert 2 (base 8) to base 4.
2
0 (base 16) to base 8
0
What is -7 (base 8) in base 14?
-7
Convert 52 (base 15) to base 5.
302
-210 (base 5) to base 15
-3a
What is -231 (base 5) in base 14?
-4a
-11010100 (base 2) to base 14
-112
5 (base 13) to base 3
12
What is 2 (base 7) in base 9?
2
Convert -1 (base 12) to base 6.
-1
What is -26 (base 7) in base 6?
-32
Convert -254 (base 6) to base 14.
-78
Convert -75 (base 12) to base 16.
-59
100010001 (base 2) to base 9
333
What is -11100011 (base 2) in base 14?
-123
Convert 95 (base 12) to base 2.
1110001
Convert 10 (base 13) to base 10.
13
Convert -3 (base 11) to base 12.
-3
Convert -10133 (base 4) to base 13.
-191
Convert -12 (base 12) to base 7.
-20
-39 (base 13) to base 10
-48
What is -41 (base 7) in base 4?
-131
-10000 (base 2) to base 9
-17
-11111 (base 2) to base 6
-51
What is 1 (base 14) in base 2?
1
What is 4 (base 11) in base 15?
4
20 (base 7) to base 3
112
Convert 38 (base 12) to base 9.
48
What is -5 (base 8) in base 14?
-5
What is 21 (base 7) in base 12?
13
What is 5 (base 12) in base 9?
5
What is -20 (base 9) in base 4?
-102
0 (base 6) to base 14
0
What is 40 (base 6) in base 12?
20
What is 0 (base 12) in base 10?
0
What is 32 (base 7) in base 16?
17
Convert -1011 (base 2) to base 8.
-13
What is 1022 (base 4) in base 7?
134
What is -224 (base 7) in base 11?
-a6
What is -1 (base 13) in base 6?
-1
What is 11 (base 9) in base 2?
1010
Convert -2 (base 12) to base 16.
-2
What is -50 (base 10) in base 4?
-302
What is -12 (base 5) in base 9?
-7
Convert -11 (base 5) to base 10.
-6
Convert -1141 (base 5) to base 2.
-10101011
-1201 (base 4) to base 12
-81
Convert -131 (base 4) to base 16.
-1d
-111 (base 2) to base 11
-7
Convert -3 (base 4) to base 8.
-3
Convert 3 (base 12) to base 7.
3
What is -3 (base 10) in base 5?
-3
What is 0 (base 9) in base 15?
0
6 (base 11) to base 13
6
Convert -14 (base 6) to base 14.
-a
Convert -3 (base 5) to base 11.
-3
What is 110 (base 4) in base 3?
202
5 (base 13) to base 12
5
What is 100 (base 3) in base 7?
12
-14 (base 9) to base 7
-16
What is -5 (base 9) in base 3?
-12
Convert -17 (base 9) to base 3.
-121
What is -4 (base 12) in base 5?
-4
Convert 0 (base 3) to base 16.
0
What is -100 (base 16) in base 11?
-213
What is -41 (base 10) in base 2?
-101001
0 (base 14) to base 2
0
Convert 0 (base 7) to base 5.
0
62 (base 13) to base 5
310
-13 (base 7) to base 12
-a
Convert -244 (base 5) to base 6.
-202
-16 (base 14) to base 10
-20
What is 3 (base 12) in base 14?
3
What is -2 (base 4) in base 2?
-10
Convert -15 (base 9) to base 2.
-1110
What is -14 (base 8) in base 9?
-13
3 (base 7) to base 13
3
3 (base 9) to base 8
3
3 (base 15) to base 16
3
What is 33 (base 4) in base 16?
f
What is 1 (base 14) in base 3?
1
Convert -13 (base 6) to base 7.
-12
What is -2 (base 13) in base 11?
-2
What is -304 (base 5) in base 15?
-54
Convert 3e (base 15) to base 3.
2012
Convert -3 (base 4) to base 10.
-3
What is -4a (base 11) in base 6?
-130
Convert 11 (base 10) to base 4.
23
1 (base 11) to base 14
1
3 (base 12) to base 5
3
What is -135 (base 7) in base 5?
-300
What is -17 (base 13) in base 5?
-40
6 (base 14) to base 3
20
-12 (base 7) to base 10
-9
-1c (base 15) to base 8
-33
Convert 0 (base 2) to base 13.
0
What is -83 (base 9) in base 10?
-75
What is -102 (base 7) in base 15?
-36
105 (base 10) to base 15
70
Convert -116 (base 8) to base 9.
-86
Convert 31 (base 7) to base 3.
211
Convert 1 (base 14) to base 8.
1
23 (base 8) to base 11
18
What is 0 (base 14) in base 16?
0
Convert -265 (base 9) to base 7.
-434
What is -1 (base 2) in base 13?
-1
What is -1022 (base 3) in base 9?
-38
What is -20 (base 11) in base 8?
-26
Convert -21 (base 3) to base 11.
-7
What is -11 (base 10) in base 11?
-10
What is 2 (base 5) in base 3?
2
-101 (base 2) to base 12
-5
Convert 20 (base 16) to base 6.
52
21 (base 5) to base 16
b
What is -1 (base 10) in base 13?
-1
Convert -11000000 (base 2) to base 5.
-1232
-3 (base 7) to base 15
-3
-4 (base 16) to base 2
-100
What is 21 (base 8) in base 13?
14
What is -17 (base 8) in base 4?
-33
What is -11 (base 4) in base 14?
-5
-2001 (base 3) to base 16
-37
What is 20 (base 3) in base 11?
6
-31 (base 10) to base 13
-25
What is -1000 (base 2) in base 15?
-8
-4 (base 5) to base 15
-4
3 (base 12) to base 13
3
Convert 1 (base 12) to base 8.
1
-3 (base 10) to base 15
-3
What is 115 (base 8) in base 7?
140
Convert 20 (base 12) to base 7.
33
Convert -110 (base 3) to base 2.
-1100
3 (base 13) to base 4
3
What is -1 (base 15) in base 3?
-1
Convert -79 (base 12) to base 8.
-135
Convert -33 (base 9) to base 13.
-24
6 (base 16) to base 11
6
What is -6 (base 14) in base 8?
-6
What is -12 (base 5) in base 8?
-7
20 (base 8) to base 5
31
a1 (base 13) to base 16
83
7 (base 16) to base 7
10
What is 1 (base 12) in base 5?
1
What is -3 (base 6) in base 3?
-10
What is 117 (base 9) in base 7?
166
-1 (base 2) to base 9
-1
5 (base 12) to base 7
5
-121 (base 6) to base 11
-45
-2 (base 15) to base 3
-2
What is 11001110 (base 2) in base 12?
152
What is 25 (base 8) in base 4?
111
Convert 13 (base 5) to base 3.
22
Convert -5 (base 14) to base 4.
-11
Convert 134 (base 10) to base 6.
342
What is -19 (base 10) in base 6?
-31
What is -10111000 (base 2) in base 16?
-b8
-a (base 15) to base 16
-a
What is -10011 (base 2) in base 10?
-19
-5 (base 11) to base 8
-5
Convert 5 (base 7) to base 9.
5
Convert -220 (base 4) to base 8.
-50
What is 30 (base 8) in base 2?
11000
Convert 1a (base 16) to base 15.
1b
-12 (base 5) to base 3
-21
111 (base 2) to base 14
7
15 (base 12) to base 8
21
What is 10 (base 5) in base 15?
5
What is -b (base 14) in base 2?
-1011
Convert 1002 (base 3) to base 7.
41
Convert 25 (base 8) to base 6.
33
Convert -53 (base 7) to base 4.
-212
Convert -5 (base 11) to base 5.
-10
What is 11 (base 3) in base 5?
4
What is 2 (base 11) in base 10?
2
Convert -10 (base 4) to base 11.
-4
2021 (base 3) to base 4
331
What is 43 (base 8) in base 12?
2b
What is 3 (base 16) in base 10?
3
What is 2 (base 12) in base 16?
2
Convert -4 (base 12) to base 14.
-4
What is -52 (base 9) in base 5?
-142
What is -111 (base 2) in base 4?
-13
-100 (base 4) to base 5
-31
What is -11220 (base 3) in base 14?
-96
-110 (base 3) to base 15
-c
-68 (base 11) to base 12
-62
What is 35 (base 11) in base 13?
2c
What is 321 (base 4) in base 15?
3c
16c (base 13) to base 4
10003
What is 11 (base 14) in base 9?
16
What is 40 (base 13) in base 15?
37
What is 1122 (base 4) in base 14?
66
9 (base 12) to base 7
12
Convert -3c (base 15) to base 4.
-321
2 (base 14) to base 6
2
-15 (base 10) to base 16
-f
-151 (base 16) to base 14
-1a1
What is 4b (base 14) in base 4?
1003
What is 3b (base 12) in base 7?
65
What is 21202 (base 3) in base 12?
155
What is 0 (base 14) in base 15?
0
33 (base 5) to base 13
15
3 (base 4) to base 14
3
-4 (base 6) to base 2
-100
141 (base 5) to base 11
42
What is -12 (base 4) in base 5?
-11
18b (base 14) to base 6
1251
What is 111 (base 2) in base 14?
7
What is -a7 (base 11) in base 16?
-75
What 